5 - u**3. What is r(-5)?
-6
Let x(b) = b**3 - b**2 + 1. Let v(d) = 4*d**3 - 4*d**2 + 4*d + 5. Let m(r) = -v(r) + 5*x(r). Calculate m(3).
6
Let n be ((-16)/(-6))/((-6)/(-9)). Suppose -n*d + d + 9 = 0. Let x(l) = l**2 - 3*l + 1. Determine x(d).
1
Let y be (-7)/(-4) + 1/4. Let v(p) = -p - y + 0*p - p + p**3. Suppose -5*w - 10 = 5*q, -4*w = -w. Calculate v(q).
-6
Let w(y) = 2*y - 2*y + 2*y. Suppose 0 = 2*v + 27 - 25. Determine w(v).
-2
Let p be 3*7/3 + -2. Let b(i) = p - i - 2*i + 4*i. Calculate b(4).
9
Let x(u) = -u**3 - u + 1. Suppose l - 3*i = 0, i = -4*l + 5*i. Suppose l = 4*h - 2*b - 6, 2 + 1 = -5*h - b. What is x(h)?
1
Let x(v) be the third derivative of -v**4/24 + v**3/3 - 2*v**2. Let u be x(5). Let z(o) = -2*o - 4. Determine z(u).
2
Let b(r) = r**3 + 7*r**2 + 6*r + 3. Let w be -3 + 2 + 10/(-2). Calculate b(w).
3
Suppose -2*v - 12 = -2*b - 3*v, 0 = 4*b + 4*v - 28. Suppose 1 = -b*q + 4*q. Let m = 3 + q. Let u(j) = -j**3 + j**2 - j - 1. Calculate u(m).
-7
Let i(s) = -7*s + 1. Suppose 4*v - 7 = -19. Let h be 0 - (18/v)/3. Suppose -4*t + 14 = h*q, 25 = 5*t + q + 3*q. Determine i(t).
-6
Let v(s) = -21*s**3 - s**2 - s. Let h = -72 + 71. Give v(h).
21
Let x(v) = -v**2 + 7*v - 6. Let k be (-2 - 2) + 2 + 1. Let y(r) = -7*r**3 - r**2 + r + 1. Let s be y(k). Calculate x(s).
0
Suppose 2*k + 10 = 2*w, 2*w = 3*k + w + 11. Let t(a) = 4*a - 3*a + 2*a. What is t(k)?
-9
Let x(y) be the second derivative of -y**3/6 - 14*y. Determine x(-4).
4
Let q(d) = d**3 - 5*d**2 + 2*d + 2. Let j(a) = a**3 + 5*a**2 + 4*a - 3. Let r be j(-4). Let x be (-2 - r)/(2/4). Calculate q(x).
-6
Let v(q) = 7*q**3 + 2*q + 1. Let y(z) = z**2 + 3*z + 1. Let c be y(-2). Calculate v(c).
-8
Let n(s) = -s - 2. Suppose -4*c + c + o = -12, o = -4*c + 9. What is n(c)?
-5
Let t(s) = s + 3. Let a(q) = -q - 4. Let p(g) = 6*a(g) + 5*t(g). Suppose 5*j = -4*i + 2*i - 25, -4*i = 3*j + 15. Calculate p(i).
-9
Let y(s) = -s**3 + 8*s**2 + 7*s - 4. Let j(x) = -2*x**3 + 9*x**2 + 8*x - 3. Let l(q) = 2*j(q) - 3*y(q). Determine l(-5).
6
Let i(l) = l**3 + 3*l**2 + l. Let v = 6 + -4. Suppose y = 3*m - 12, -v*y - m - 3 = -0*y. What is i(y)?
-3
Let b(g) = -5*g - 3 + 3 + 4*g + 4. Give b(-4).
8
Let k(b) = 6*b + 10. Let x(a) = -a - 1. Let l(n) = -k(n) - 5*x(n). Let i(f) = f + 5. Let o(h) = -4*i(h) - 3*l(h). What is o(-6)?
1
Let u = 10 - 10. Let a = 5 + u. Let d = a - 3. Let g(i) = -2*i**2. Calculate g(d).
-8
Suppose 14 = 3*y - 1. Let v(i) be the second derivative of i**5/20 - i**4/2 + 2*i**3/3 + 5*i**2/2 - 97*i. What is v(y)?
0
Let w be 12/(-8)*8/(-12). Let f(x) be the first derivative of x - 1/2*x**2 + 2. Determine f(w).
0
Let f(b) = -b**3 + 5*b**2 - 2*b - 2. Let s = 21 + -16. Calculate f(s).
-12
Suppose -2*y + 2*n + 24 = 0, -5*y + 69 = -2*n + 9. Suppose -23*c - y = -27*c. Let m(r) = r**2 - 2*r - 3. Determine m(c).
0
Let q(v) = -v**2 - 7*v. Let s(p) = p + 12. Let t be s(-18). Calculate q(t).
6
Suppose 7*b - 21 = 4*b. Suppose 3*o - b*o = 24. Let u(h) = h**2 + 6*h. Calculate u(o).
0
Let b be (2/(-5))/((-3)/(-15)). Let g(f) = f**3 - 5*f**2 - 6*f + 2. Let u be g(6). Let d(n) = -2*n - 7*n**u - 4*n**3 + 2*n**2 + 3*n**3. Give d(b).
-8
Let l(j) = -1. Let s(a) = 5*a - 5. Let o(y) = 5*l(y) - s(y). Let r = -6 - -7. Give o(r).
-5
Let f be 4*-1*(-5)/(-4). Suppose 0 = 4*y - 3 - 13. Let p(k) = 5 + y*k**2 - 3*k - 2 + k**3 + 1. Determine p(f).
-6
Let s(v) = 7*v**2 - 2*v. Let x(r) = -8*r**2 + 3*r. Let y(z) = -4*s(z) - 3*x(z). Determine y(-1).
-3
Let y(f) = f**3 - f**2 + 1. Suppose -2*b + 2*z - z + 5 = 0, 3*b - 3 = -3*z. Suppose -5*k + 3 + b = 0. Suppose -5*a + 6*a + k = 0. Give y(a).
-1
Let u(h) = -3*h**3 + 11*h**2 + 4*h - 8. Let g(d) = -d**3 + d**2 - 1. Let w(l) = -4*g(l) + u(l). What is w(-6)?
8
Let i(a) be the third derivative of -a**8/20160 - a**7/1260 - a**6/180 - 2*a**5/15 - 6*a**2. Let u(c) be the third derivative of i(c). Give u(-4).
-4
Let a(m) = -m**2 + 5*m + 2. Let o be 0*1/2 + 0. Let y be 0/(-3 + o) - 44. Let z be y/(-8) + 3/(-6). Give a(z).
2
Let y(t) = 2*t + 9. Let r be 12*-1*1/2. Let j be y(r). Let p(a) be the third derivative of -a**6/120 - a**5/20 - 2*a**3/3 - a**2. Determine p(j).
-4
Let d(v) be the first derivative of v**4/4 + v**3/3 - 18*v + 3. Calculate d(0).
-18
Let m be 1 - -4 - (-1 + 1). Let v(r) = 4*r + 3. Let k(x) = -4*x + 4 + 7*x + 2*x. Let i(z) = m*k(z) - 6*v(z). Give i(-4).
-2
Let o(p) = p**2 + 2*p - 6*p - 27 + 22. Determine o(4).
-5
Let s(y) = -26*y - 17. Let t(c) = 5*c + 3. Let g(b) = 2*s(b) + 11*t(b). Determine g(4).
11
Let t(g) = g - 25. Let f(n) = -3. Let s(c) = -24*f(c) + 3*t(c). What is s(2)?
3
Let i(j) be the third derivative of j**4/24 - 7*j**3/3 + 13*j**2. Give i(12).
-2
Let u(m) = m**2 - m - 1. Let a(g) be the first derivative of -g**4/4 + 2*g**3/3 + g**2/2 - 4*g + 2. Let x(v) = a(v) - 3*u(v). Determine x(-3).
5
Let w(r) = r + 7. Let f(u) = u + 12. Let j(k) = -k - 13. Let h(o) = -6*f(o) - 5*j(o). Let g(n) = -2*h(n) - 3*w(n). What is g(0)?
-7
Let s(r) = 20*r - 4. Let o(x) = -41*x + 7. Let y(n) = 3*o(n) + 5*s(n). Calculate y(1).
-22
Let b(w) = -w - 1. Let h(p) = p**2 - 4*p - 3. Suppose 5*n - 6 = 5*v + 9, 0 = 3*n - 5*v - 13. Let q(s) = n*b(s) - h(s). Determine q(3).
2
Let b(z) be the second derivative of -z**6/360 + z**5/20 - 5*z**4/24 + z**3/2 + 2*z. Let t(s) be the second derivative of b(s). Let w = 15 + -9. Give t(w).
-5
Let c(n) be the first derivative of -3*n**2/2 - n + 8. What is c(-1)?
2
Let c(y) be the second derivative of 0*y**3 - 1/20*y**5 + 3*y + 0 + 1/12*y**4 - 5/2*y**2. Give c(0).
-5
Let d(n) be the second derivative of -n**5/60 + n**4/24 - n**3/6 + n**2/2 + 2*n. Let a(z) be the first derivative of d(z). Determine a(0).
-1
Let z(d) = -4*d - 32. Suppose 0 = 2*h + 3*l - 21, -5*h + 3*l - 4 + 25 = 0. Suppose -h*c + 3*c = 15. Let m(n) = 3*n + 21. Let i(f) = c*z(f) - 7*m(f). Give i(6).
7
Let j(v) = v**2 + 2*v + 2. Suppose -i - 4 = 2*n, i - 3*n + 1 = 6*i. Let f be i*1 - (-468)/(-6). Let r be f/18 - 4/(-18). Calculate j(r).
10
Let w(s) be the third derivative of s**6/120 + s**5/15 + s**4/8 + s**3/6 + 11*s**2. Let f(x) = -x**3 - 6*x**2 - 4*x + 2. Let m be f(-5). Calculate w(m).
1
Let a be 3 + (0/3)/(-2). Let k(w) = -2*w - 1. Give k(a).
-7
Let j(p) = 5*p + 2 - 7 + 4*p**2 - 3*p**2. Let y = 73 - 34. Suppose 5*a - 14 + y = 0. Determine j(a).
-5
Let s(g) = -g - g + g + 3 - 4. Let u(q) = -7*q + 1. Let k(d) = 6*s(d) - u(d). Determine k(4).
-3
Let j(w) = -w**2 + 2*w + 4. Let s(d) = 0*d + 7 + d + 3. Suppose 2*p + 12 = -2*r, p = 4*p - 3. Let f be s(r). Determine j(f).
1
Let p = -27 - -22. Let q(i) = i**2 + 7*i + 6. Determine q(p).
-4
Let p = -5 + 5. Suppose -2*x + p*x = -2. Let y(u) = u - 13. Let i(d) = -3. Let s(v) = -26*i(v) + 6*y(v). Give s(x).
6
Let l = 5 - 4. Let d be (l + (-14)/8)*-4. Let q be 1 - 1*6/d. Let h(m) = -3*m**3 - m**2. Determine h(q).
2
Let l = 128 - 121. Let b(g) = -g. Give b(l).
-7
Let n(k) = -k**2 - 20*k + 22. Let b be n(-21). Let u(o) = -1 - 7*o + 0*o + 0. What is u(b)?
-8
Let p be 92/(-20) - (-2)/(-5). Let i(u) = 3*u + 5. What is i(p)?
-10
Let m(f) = -f**2 + f + 1. Let n(h) = 4*h**2 - 9*h - 6. Let w(i) = 3*m(i) + n(i). Give w(6).
-3
Suppose -5*b - c = -0*c - 19, 2 = 2*b - c. Let k(s) = -s**3 + 4*s**2 - 3*s - 3. Determine k(b).
-3
Let w(g) be the first derivative of g + 0*g**2 + 2/3*g**3 - 9. Give w(1).
3
Let p(j) = -j**2 - j + 7. Let r(f) = -f + 4. Let d be r(4). What is p(d)?
7
Let m(b) = -4*b**2 + 1 + 5*b - 3*b - 2. Let p(o) = o**3 + 7*o**2 + 2*o + 8. Let z be p(-7). Let r be (-1)/2 + (-9)/z. What is m(r)?
-3
Let j(w) = w**3 + 4*w**2 + 2*w - 1. Suppose -v = 2*v - 24. Suppose 10 = 3*q - v. Let u be (-2)/q*1*9. Determine j(u).
2
Let t(c) = c**2 + 3*c - 2. Suppose b + 2 = -2. Let g be -2 + 4 + (b - 2). Determine t(g).
2
Let i(d) = -2*d - 2. Let o(m) = 3*m + 5. Let t(w) = -5*i(w) - 3*o(w). Determine t(7).
2
Let h be 2/7 - (-38)/14. Let m(n) = -n + h*n + 1 - 3*n. Let w(a) = 24*a + 91. Let i be w(-4). Calculate m(i).
6
Let c(x) = x + 5. Suppose 4 = a + 2*g, 0*a + 5*a + g = -25. Calculate c(a).
-1
Let y = 2/215 + 209/645. Let t(h) be the first derivative of -3*h - 3/2*h**2 + y*h**3 - 2. Determine t(-2).
7
Let i(w) = -w**2 + 6*w. Let b(d) = -6*d - 6. Let n be b(-3). Suppose -u + 4*u + 3*c - n = 0, -3*u + 2*c = -12. What is i(u)?
8
Let w(k) be the second derivative of k**4/12 - k**